 Suppose x*g = 64*g + 138. What is the remainder when 124 is divided by g?
32
Suppose 0 = 36*k - 33*k - 453. Suppose -5*v - w = -290, 5*w + k - 35 = 2*v. What is the remainder when v is divided by 12?
10
Let p = -14715 - -15063. Calculate the remainder when p is divided by 96.
60
Suppose -8*j - 27*j + 6*j + 638 = 0. What is the remainder when 221 is divided by j?
1
Let v(c) = -c**2 - 8*c - 5. Let n be -2 - (-2)/((-4)/6). Calculate the remainder when v(n) is divided by -9 - -11*(-3 + 4) - -1.
1
Let o = -244 + 238. Suppose -3*k + 2*k = 1, 0 = -5*u + 5*k + 70. Calculate the remainder when u is divided by (2/o)/((-2)/30).
3
Suppose 15*t + 1164 = 19*t - 3*n, -4*n - 1455 = -5*t. Calculate the remainder when t is divided by 273.
18
Let n(k) = k**3 - 11*k**2 - 24*k + 493. What is the remainder when 1564 is divided by n(13)?
7
Let x(t) = 5*t + 2. Calculate the remainder when -24 + 1180/50 + (-1614)/(-10) is divided by x(7).
13
Let m(s) = 85*s - 313. Let z be m(7). Suppose -13940 = z*i - 292*i. What is the remainder when i is divided by 45?
44
Suppose 5*q - 9 = -3*c, -2 = 3*q - 2*c + 4. Let x = q + 9. Let s = 9 + -7. What is the remainder when x is divided by s?
1
Suppose 4*a - 28 + 73 = f, 5*a + 25 = 0. Calculate the remainder when 408 is divided by f.
8
Suppose -40*u + 50*u - 980 = 0. Suppose -319 = -48*x + 37*x. What is the remainder when u is divided by x?
11
Suppose -3*s - s + 136 = 0. What is the remainder when s is divided by -15*(-72)/1620*21/2?
6
Let u(p) = -p**3 - 85*p**2 - 356*p - 415. What is the remainder when u(-81) is divided by 361?
11
Let d(k) = -3*k - 10. Suppose 2*o = -17 - 3. Let n be d(o). Let z = n + -15. What is the remainder when z is divided by 4?
1
Let p = -5843 - -2255. What is the remainder when 4/14 - p/84 is divided by 3?
1
Calculate the remainder when 3304 is divided by (-40)/(((-24)/176)/(5/((-20)/(-9)))).
4
Let z = 161 - 159. Let r = 21 + -13. Suppose z = s - r. Calculate the remainder when 89 is divided by s.
9
Let y(g) = 2921*g**2 + 23*g + 7. What is the remainder when 8716 is divided by y(-1)?
1
Let v be ((-5)/2 - -1)/((-294)/392). Suppose a + 6 = 5*l + v, 0 = l - 2. What is the remainder when 161 is divided by a?
5
Let a = 98 + -84. Suppose 2*c - a = 40. Let y(p) = -p**2 + 9*p - 4. Calculate the remainder when c is divided by y(5).
11
Suppose -13*h - 5166 = 1542. Let x = -14 + 28. Calculate the remainder when (h/(-688))/((-6)/(-280)) is divided by x.
7
Suppose -19626*b + 19649*b = 6670. Calculate the remainder when b is divided by 92.
14
Suppose -3*i + 4*j + 197 = 0, -210 = -5*i + 5*j + 115. What is the remainder when 210 is divided by i?
21
Let o(k) = 4*k + 13. Let j be o(-3). Let s be 4/2*1 - -14. Calculate the remainder when 39 is divided by s/(0 + 1) - j*2.
11
Let o = -23 + 28. Suppose -5*d + o*y = -155, -5*d - 143 = -10*d - y. Calculate the remainder when d is divided by 10.
9
Suppose 3*h - b + 4*b = 39, -2*h + 30 = 3*b. Suppose 3405 = 71*u - 586 + 867. What is the remainder when u is divided by h?
8
Suppose -54 = -2*q + 2*y, 1 = 5*y + 21. Let c = q - 23. Suppose c*d + 138 = 6*d. What is the remainder when 113 is divided by d?
21
Suppose 0 = -k + 17 + 13. Suppose 0 = -10*q + k. What is the remainder when 14 is divided by q?
2
Calculate the remainder when 14266 is divided by (-2)/7 - (4 - 652/28).
16
Let v(w) = 698*w - 185. What is the remainder when v(13) is divided by 35?
34
What is the remainder when 94 is divided by 38/4 + (-168)/(-48)?
3
Let q(p) = 41*p**3 - 2*p**2 - p + 2. Let n be q(1). Suppose -n = y + 37. Let t = y + 111. Calculate the remainder when t is divided by 9.
7
Let h(m) = -4 + 13 + 3*m + 15. Let f be h(-6). Suppose v + 85 = f*v. What is the remainder when 30 is divided by v?
13
Suppose 16*x = 2833 + 3983. Let y = x - 407. What is the remainder when 100 is divided by y?
5
Calculate the remainder when ((6 - 3)/(-54)*-8)/((-4)/(-4986)) is divided by 184.
2
Suppose -3*a + 1602 = -3*o, 2*o = -5*a + 3*o + 2654. What is the remainder when a is divided by 515?
15
Let l = -34 - -17. Let d(f) = -69*f - 52 + 29 - 72*f - 65 + 135*f. Calculate the remainder when 150 is divided by d(l).
10
Suppose -10 = -6*y + 32. Calculate the remainder when 105 is divided by 20 + y/((-21)/6).
15
Let w = -277 - -279. Suppose w*d + 11 - 57 = 0. Calculate the remainder when d is divided by 6.
5
Let j be (-1)/6*(4 + -4). Suppose -2*r + 19 = -3*v - 53, j = 4*r - 3*v - 150. Calculate the remainder when 623 is divided by r.
38
Let v(a) = -a**2 - 16*a + 31. Let q be v(-16). Suppose 5*g + 5*z - 220 = 0, -4*g + q + 154 = -5*z. What is the remainder when g is divided by 3*(-1 - (3 - 8))?
9
Let q(n) = -20*n + 724. What is the remainder when q(0) is divided by 20?
4
Let s be 232/87*6/(-4). Let l(r) = r**2 + 3*r + 17. Suppose -6*y = -3*y - 5*u - 337, y + 3*u = 89. What is the remainder when y is divided by l(s)?
20
Let f(l) be the first derivative of 3 + 7/2*l**2 - 13*l + l**3. What is the remainder when f(-6) is divided by 18?
17
Let m(t) = -5*t - 76. Let q be m(13). Let h = 150 + q. Calculate the remainder when 14 is divided by h.
5
Let i(b) = 216*b**2 + 44*b - 678. Calculate the remainder when i(14) is divided by 95.
94
Let y = -14 + 73. What is the remainder when y is divided by (-1036)/(-37) + (-1 - -7)?
25
Let l(t) = -t**3 + 12*t**2 + 13*t + 1. Let k be l(13). Let i be -1*1*(-5 + k + 4). What is the remainder when 69 is divided by i + 19 + -2*(-2)/(-4)?
15
Suppose 0 = 6*n + 266 + 91 - 1911. Calculate the remainder when 800 is divided by n.
23
Let c be 3 - (2 + (-3 - 0)). Let s be 6/5 - (-504)/180. Suppose s*j - 225 = o + 134, -c*j + 347 = 3*o. Calculate the remainder when j is divided by 13.
11
Suppose m - 2*m = -4*s + 700, 0 = 5*s + 5*m - 825. What is the remainder when 2431 is divided by s?
9
Suppose 0 = -10*s + 474 + 2116. Calculate the remainder when s is divided by 122.
15
Let p = -4231 + 7005. What is the remainder when p is divided by 27?
20
Suppose -p = -2*h - 65 + 119, 4*p = 4*h - 100. Calculate the remainder when 209 is divided by h.
6
Let i(t) = t**2 + 23*t - 15. Let g be i(-24). Suppose -19 - 26 = -g*b. Suppose -6*h + 3*h + 66 = 0. Calculate the remainder when h is divided by b.
2
Let d(z) = 590*z + 6136. Calculate the remainder when d(-8) is divided by 177.
0
Suppose -5*f - 32 = -3*b - b, -27 = -3*b + 3*f. Suppose 0 = 5*p + 1188 - 1508. Suppose p*a = 3256 + 648. What is the remainder when a is divided by b?
9
Suppose 15*l + 18 = 12*l. What is the remainder when 100 is divided by 2*1 - -15*(-8)/l?
12
Calculate the remainder when (5/30*-4)/(-6*1/16371) is divided by 7.
6
Suppose 43 = 3*o + 5*c, -2*o + 3*c = 12 - 9. Let l(z) = 2*z**3 - 4*z**2 - z - 30. Let u = -58 - -122. What is the remainder when l(o) is divided by u?
60
Suppose 16682*l = 16701*l - 1881. What is the remainder when 178 is divided by l?
79
Suppose -18 = 154*b - 145*b. Calculate the remainder when 412 is divided by 7*b/(-14) - -68.
67
Let a be (12 - 11) + 4662/7. Let v = -488 + a. Calculate the remainder when v is divided by 55.
14
Suppose 5*w = 2*n - 0*n - 30, -2*w - 28 = -4*n. Let p(f) = 5*f**2 - 36*f - 15. What is the remainder when p(8) is divided by (-1 + 1 + -2)*w?
1
Suppose -2*x - 8 - 2 = 0. Let z(w) = 8*w**2 + w + 24. What is the remainder when z(x) is divided by 13?
11
Suppose -131*w = -126*w - 15. Let h(v) = -v**2 + 24. What is the remainder when 117 is divided by h(w)?
12
Let h(d) = 11*d + 961. What is the remainder when h(-69) is divided by 6?
4
Let x = 707 - 503. What is the remainder when x is divided by 37?
19
Suppose -o + 3*n - 2*n = 34, -24 = o + 4*n. Let m = 34 - o. Let c = 29 + -11. Calculate the remainder when m is divided by c.
12
Let m = 113 - 108. Suppose -m*n = -13 - 2, 0 = 5*s - n - 22. What is the remainder when 34 is divided by 1*s + (14 - 12)?
6
Let i(x) = x + 11. Suppose 112*l - 111*l + 5*o - 44 = 0, -2*l - 5*o + 78 = 0. What is the remainder when l is divided by i(-7)?
2
Calculate the remainder when ((-1520)/380)/(1/(-107)) is divided by 25.
3
Let i = 149 + -129. Suppose i*t + 375 = 25*t. What is the remainder when t is divided by 18?
3
Let y(z) = -7*z - 402. Calculate the remainder when 3879 is divided by y(-60).
9
Suppose -750 - 587 = -o - 2*z, -5*o + 8*z + 6775 = 0. Calculate the remainder when o is divided by 30.
27
